07775?
7
What is the hundred thousands digit of 149994898?
9
What is the millions digit of 4782388568?
2
What is the millions digit of 1041479822?
1
What is the units digit of 93769097?
7
What is the hundreds digit of 233558730?
7
What is the hundreds digit of 55544091?
0
What is the billions digit of 1892111590?
1
What is the millions digit of 791365354?
1
What is the units digit of 145468214?
4
What is the ten thousands digit of 563966995?
6
What is the millions digit of 96477168?
6
What is the millions digit of 41003729?
1
What is the tens digit of 30014881?
8
What is the tens digit of 68684431?
3
What is the thousands digit of 919960574?
0
What is the hundred millions digit of 457940947?
4
What is the ten thousands digit of 278757063?
5
What is the tens digit of 170531516?
1
What is the thousands digit of 440737994?
7
What is the billions digit of 3304436750?
3
What is the tens digit of 3149736793?
9
What is the tens digit of 48210689?
8
What is the hundred thousands digit of 1065523501?
5
What is the tens digit of 711956469?
6
What is the hundred thousands digit of 102062971?
0
What is the units digit of 46599234?
4
What is the hundred millions digit of 868388734?
8
What is the hundreds digit of 1532268704?
7
What is the hundred thousands digit of 7890263?
8
What is the hundreds digit of 522471928?
9
What is the ten thousands digit of 3885336993?
3
What is the units digit of 1950952?
2
What is the units digit of 11522216?
6
What is the tens digit of 7767830743?
4
What is the ten thousands digit of 1357715504?
1
What is the hundred millions digit of 537626034?
5
What is the thousands digit of 188857295?
7
What is the millions digit of 4171519809?
1
What is the ten thousands digit of 729157010?
5
What is the units digit of 2016657669?
9
What is the units digit of 19625718?
8
What is the ten millions digit of 669689479?
6
What is the units digit of 216282877?
7
What is the units digit of 250084969?
9
What is the ten thousands digit of 35554062?
5
What is the ten thousands digit of 91945804?
4
What is the tens digit of 872717182?
8
What is the hundred millions digit of 558187393?
5
What is the ten thousands digit of 601079122?
7
What is the millions digit of 193623222?
3
What is the ten millions digit of 40726482?
4
What is the tens digit of 868341946?
4
What is the millions digit of 3307375597?
7
What is the hundreds digit of 22379298?
2
What is the tens digit of 25776986?
8
What is the ten thousands digit of 3324093643?
9
What is the millions digit of 290582557?
0
What is the hundred millions digit of 246848112?
2
What is the tens digit of 313389902?
0
What is the millions digit of 437235663?
7
What is the hundred thousands digit of 144781754?
7
What is the ten thousands digit of 55924818?
2
What is the ten millions digit of 72249303?
7
What is the tens digit of 362526971?
7
What is the units digit of 8918178717?
7
What is the tens digit of 51815853?
5
What is the ten thousands digit of 20715500?
1
What is the tens digit of 6714247091?
9
What is the units digit of 51650887?
7
What is the hundreds digit of 664131653?
6
What is the units digit of 19398850?
0
What is the hundred millions digit of 208392363?
2
What is the hundred millions digit of 346518561?
3
What is the tens digit of 1654367263?
6
What is the ten millions digit of 138628990?
3
What is the units digit of 75683394?
4
What is the units digit of 2036906916?
6
What is the units digit of 48923333?
3
What is the hundreds digit of 628905943?
9
What is the tens digit of 395231879?
7
What is the ten thousands digit of 47307383?
0
What is the ten thousands digit of 2448323667?
2
What is the thousands digit of 497035149?
5
What is the ten thousands digit of 558038786?
3
What is the ten millions digit of 98269760?
9
What is the ten millions digit of 74425305?
7
What is the hundred thousands digit of 110481808?
4
What is the tens digit of 2264794958?
5
What is the hundred thousands digit of 29144245?
1
What is the tens digit of 473732302?
0
What is the hundred thousands digit of 86687321?
6
What is the millions digit of 304681668?
4
What is the ten thousands digit of 93884230?
8
What is the hundred thousands digit of 103230217?
2
What is the units digit of 510581080?
0
What is the hundred thousands digit of 3108264646?
2
What is the units digit of 21626361?
1
What is the tens digit of 153397793?
9
What is the ten millions digit of 35771703?
3
What is the millions digit of 4412857217?
2
What is the hundreds digit of 79400406?
4
What is the ten thousands digit of 292208165?
0
What is the ten millions digit of 46687709?
4
What is the hundred thousands digit of 187447686?
4
What is the billions digit of 1302928393?
1
What is the billions digit of 1131520628?
1
What is the units digit of 2320068987?
7
What is the ten thousands digit of 1118323986?
2
What is the tens digit of 89421936?
3
What is the thousands digit of 741932120?
2
What is the units digit of 5202839571?
1
What is the tens digit of 4010228843?
4
What is the tens digit of 483421710?
1
What is the hundreds digit of 437090437?
4
What is the hundred thousands digit of 169172770?
1
What is the ten millions digit of 264772650?
6
What is the millions digit of 988237753?
8
What is the thousands digit of 9297678254?
8
What is the millions digit of 7910542?
7
What is the thousands digit of 4844592588?
2
What is the units digit of 1704992185?
5
What is the ten millions digit of 115107433?
1
What is the units digit of 204642814?
4
What is the tens digit of 50150921?
2
What is the units digit of 67344347?
7
What is the ten millions digit of 15368825?
1
What is the hundred millions digit of 2071503630?
0
What is the billions digit of 1869937159?
1
What is the millions digit of 226193579?
6
What is the tens digit of 14327391?
9
What is the thousands digit of 72318921?
8
What is the hundred thousands digit of 406062235?
0
What is the tens digit of 4675247?
4
What is the billions digit of 3045192876?
3
What is the millions digit of 300070654?
0
What is the ten millions digit of 290008511?
9
What is the tens digit of 90680576?
7
What is the billions digit of 1663898996?
1
What is the thousands digit of 659267275?
7
What is the hundred millions digit of 318620567?
3
What is the tens digit of 53512982?
8
What is the hundred thousands digit of 1597923604?
9
What is the millions digit of 345056551?
5
What is the units digit of 827545113?
3
What is the ten thousands digit of 13903204?
0
What is the hundred thousands digit of 4305517?
3
What is the hundreds digit of 1050570363?
3
What is the thousands digit of 53593219?
3
What is the thousands digit of 1409948874?
8
What is the tens digit of 706729563?
6
What is the millions digit of 273710404?
3
What is the ten thousands digit of 2104973304?
7
What is the units digit of 26183905?
5
What is the hundred millions digit of 714369241?
7
What is the hundreds digit of 300042703?
7
What is the hundreds digit of 160677239?
2
What is the ten thousands digit of 310986141?
8
What is the ten millions digit of 4630068301?
3
What is the thousands digit of 38607062?
7
What is the ten millions digit of 2313284631?
1
What is the millions digit of 22409564?
2
What is the units digit of 1575989904?
4
What is the hundred thousands digit of 472041548?
0
What is the units digit of 52515843?
3
What is the hundred millions digit of 573521917?
5
What is the ten millions digit of 37877444?
3
What is the units digit of 730144?
4
What is the tens digit of 2892256621?
2
What is the hundred millions digit of 360584524?
3
What is the billions digit of 4963715267?
4
What is the units digit of 88996380?
0
What is the millions digit of 449619782?
9
What is the hundreds digit of 53751474?
4
What is the thousands digit of 185760415?
0
What is the hundreds digit of 48989329?
3
What is the billions digit of 4888958645?
4
What is the ten thousands digit of 51412793?
1
What is the millions digit of 36605613?
6
What is the hundreds digit of 116414473?
4
What is the hundred thousands digit of 3852840760?
8
What is the hundred millions digit of 1948498403?
9
What is the millions digit of 1152324047?
2
What is the hundred thousands digit of 1213628037?
6
What is the hundred thousands digit of 20362812?
3
What is the ten thousands digit of 166